{"id":81,"date":"2017-09-12T20:14:15","date_gmt":"2017-09-12T18:14:15","guid":{"rendered":"http:\/\/xn--vrdfiske-9za.fi\/?page_id=81"},"modified":"2021-03-28T19:24:33","modified_gmt":"2021-03-28T17:24:33","slug":"kontakt","status":"publish","type":"page","link":"https:\/\/xn--vrdfiske-9za.fi\/?page_id=81","title":{"rendered":"Kontakt"},"content":{"rendered":"<figure id=\"attachment_84\" aria-describedby=\"caption-attachment-84\" style=\"width: 318px\" class=\"wp-caption alignright\"><img loading=\"lazy\" decoding=\"async\" class=\"wp-image-84\" src=\"https:\/\/xn--vrdfiske-9za.fi\/wp-content\/uploads\/2017\/09\/hokki-195x300.jpg\" alt=\"\" width=\"318\" height=\"489\" srcset=\"https:\/\/xn--vrdfiske-9za.fi\/wp-content\/uploads\/2017\/09\/hokki-195x300.jpg 195w, https:\/\/xn--vrdfiske-9za.fi\/wp-content\/uploads\/2017\/09\/hokki.jpg 250w\" sizes=\"auto, (max-width: 318px) 100vw, 318px\" \/><figcaption id=\"caption-attachment-84\" class=\"wp-caption-text\">m\u00f6rt, m\u00f6rt, m\u00f6rt, m\u00f6rt&#8230;<\/figcaption><\/figure>\n<p>e-post: arto(at)artohautala.fi<\/p>\n<p>tel: +358503513208<\/p>\n<hr \/>\n<p>Post:<\/p>\n<p>Tmi Arto Hautala<\/p>\n<p>Rantalantie 29<\/p>\n<p>69440 Lestij\u00e4rvi<\/p>\n<p>Finland<\/p>\n<p>&nbsp;<\/p>\n<p><a href=\"https:\/\/www.vastuugroup.fi\/fi-sv\"><img loading=\"lazy\" decoding=\"async\" class=\"size-medium wp-image-257 alignleft\" src=\"https:\/\/xn--vrdfiske-9za.fi\/wp-content\/uploads\/2021\/03\/palitlig_partner_logo-300x126.jpg\" alt=\"\" width=\"300\" height=\"126\" srcset=\"https:\/\/xn--vrdfiske-9za.fi\/wp-content\/uploads\/2021\/03\/palitlig_partner_logo-300x126.jpg 300w, https:\/\/xn--vrdfiske-9za.fi\/wp-content\/uploads\/2021\/03\/palitlig_partner_logo.jpg 567w\" sizes=\"auto, (max-width: 300px) 100vw, 300px\" \/><\/a><\/p>\n","protected":false},"excerpt":{"rendered":"<p>e-post: arto(at)artohautala.fi tel: +358503513208 Post: Tmi Arto Hautala Rantalantie 29 69440 Lestij\u00e4rvi Finland &nbsp;<\/p>\n","protected":false},"author":1,"featured_media":0,"parent":0,"menu_order":0,"comment_status":"closed","ping_status":"closed","template":"","meta":{"_genesis_hide_title":false,"_genesis_hide_breadcrumbs":false,"_genesis_hide_singular_image":false,"_genesis_hide_footer_widgets":false,"_genesis_custom_body_class":"","_genesis_custom_post_class":"","_genesis_layout":"full-width-content","footnotes":""},"class_list":{"0":"post-81","1":"page","2":"type-page","3":"status-publish","5":"entry"},"yoast_head":"<!-- This site is optimized with the Yoast SEO plugin v27.3 - https:\/\/yoast.com\/product\/yoast-seo-wordpress\/ -->\n<title>Kontakt - V\u00c5RDFISKE.fi<\/title>\n<meta name=\"robots\" content=\"index, follow, max-snippet:-1, max-image-preview:large, max-video-preview:-1\" \/>\n<link rel=\"canonical\" href=\"https:\/\/xn--vrdfiske-9za.fi\/?page_id=81\" \/>\n<meta property=\"og:locale\" content=\"fi_FI\" \/>\n<meta property=\"og:type\" content=\"article\" \/>\n<meta property=\"og:title\" content=\"Kontakt - V\u00c5RDFISKE.fi\" \/>\n<meta property=\"og:description\" content=\"e-post: arto(at)artohautala.fi tel: +358503513208 Post: Tmi Arto Hautala Rantalantie 29 69440 Lestij\u00e4rvi Finland &nbsp;\" \/>\n<meta property=\"og:url\" content=\"https:\/\/xn--vrdfiske-9za.fi\/?page_id=81\" \/>\n<meta property=\"og:site_name\" content=\"V\u00c5RDFISKE.fi\" \/>\n<meta property=\"article:modified_time\" content=\"2021-03-28T17:24:33+00:00\" \/>\n<meta property=\"og:image\" content=\"http:\/\/xn--vrdfiske-9za.fi\/wp-content\/uploads\/2017\/09\/hokki-195x300.jpg\" \/>\n<meta name=\"twitter:card\" content=\"summary_large_image\" \/>\n<meta name=\"twitter:label1\" content=\"Arvioitu lukuaika\" \/>\n\t<meta name=\"twitter:data1\" content=\"1 minuutti\" \/>\n<script type=\"application\/ld+json\" class=\"yoast-schema-graph\">{\"@context\":\"https:\\\/\\\/schema.org\",\"@graph\":[{\"@type\":\"WebPage\",\"@id\":\"https:\\\/\\\/xn--vrdfiske-9za.fi\\\/?page_id=81\",\"url\":\"https:\\\/\\\/xn--vrdfiske-9za.fi\\\/?page_id=81\",\"name\":\"Kontakt - V\u00c5RDFISKE.fi\",\"isPartOf\":{\"@id\":\"https:\\\/\\\/xn--vrdfiske-9za.fi\\\/#website\"},\"primaryImageOfPage\":{\"@id\":\"https:\\\/\\\/xn--vrdfiske-9za.fi\\\/?page_id=81#primaryimage\"},\"image\":{\"@id\":\"https:\\\/\\\/xn--vrdfiske-9za.fi\\\/?page_id=81#primaryimage\"},\"thumbnailUrl\":\"http:\\\/\\\/xn--vrdfiske-9za.fi\\\/wp-content\\\/uploads\\\/2017\\\/09\\\/hokki-195x300.jpg\",\"datePublished\":\"2017-09-12T18:14:15+00:00\",\"dateModified\":\"2021-03-28T17:24:33+00:00\",\"breadcrumb\":{\"@id\":\"https:\\\/\\\/xn--vrdfiske-9za.fi\\\/?page_id=81#breadcrumb\"},\"inLanguage\":\"fi\",\"potentialAction\":[{\"@type\":\"ReadAction\",\"target\":[\"https:\\\/\\\/xn--vrdfiske-9za.fi\\\/?page_id=81\"]}]},{\"@type\":\"ImageObject\",\"inLanguage\":\"fi\",\"@id\":\"https:\\\/\\\/xn--vrdfiske-9za.fi\\\/?page_id=81#primaryimage\",\"url\":\"http:\\\/\\\/xn--vrdfiske-9za.fi\\\/wp-content\\\/uploads\\\/2017\\\/09\\\/hokki-195x300.jpg\",\"contentUrl\":\"http:\\\/\\\/xn--vrdfiske-9za.fi\\\/wp-content\\\/uploads\\\/2017\\\/09\\\/hokki-195x300.jpg\"},{\"@type\":\"BreadcrumbList\",\"@id\":\"https:\\\/\\\/xn--vrdfiske-9za.fi\\\/?page_id=81#breadcrumb\",\"itemListElement\":[{\"@type\":\"ListItem\",\"position\":1,\"name\":\"Home\",\"item\":\"https:\\\/\\\/xn--vrdfiske-9za.fi\\\/\"},{\"@type\":\"ListItem\",\"position\":2,\"name\":\"Kontakt\"}]},{\"@type\":\"WebSite\",\"@id\":\"https:\\\/\\\/xn--vrdfiske-9za.fi\\\/#website\",\"url\":\"https:\\\/\\\/xn--vrdfiske-9za.fi\\\/\",\"name\":\"V\u00c5RDFISKE.fi\",\"description\":\"Professionella tj\u00e4nster inom v\u00e5rdfisket\",\"publisher\":{\"@id\":\"https:\\\/\\\/xn--vrdfiske-9za.fi\\\/#organization\"},\"potentialAction\":[{\"@type\":\"SearchAction\",\"target\":{\"@type\":\"EntryPoint\",\"urlTemplate\":\"https:\\\/\\\/xn--vrdfiske-9za.fi\\\/?s={search_term_string}\"},\"query-input\":{\"@type\":\"PropertyValueSpecification\",\"valueRequired\":true,\"valueName\":\"search_term_string\"}}],\"inLanguage\":\"fi\"},{\"@type\":\"Organization\",\"@id\":\"https:\\\/\\\/xn--vrdfiske-9za.fi\\\/#organization\",\"name\":\"V\u00c5RDFISKE.fi\",\"url\":\"https:\\\/\\\/xn--vrdfiske-9za.fi\\\/\",\"logo\":{\"@type\":\"ImageObject\",\"inLanguage\":\"fi\",\"@id\":\"https:\\\/\\\/xn--vrdfiske-9za.fi\\\/#\\\/schema\\\/logo\\\/image\\\/\",\"url\":\"https:\\\/\\\/xn--vrdfiske-9za.fi\\\/wp-content\\\/uploads\\\/2017\\\/09\\\/KolmeKalastajaa-1024x680.jpg\",\"contentUrl\":\"https:\\\/\\\/xn--vrdfiske-9za.fi\\\/wp-content\\\/uploads\\\/2017\\\/09\\\/KolmeKalastajaa-1024x680.jpg\",\"width\":1024,\"height\":680,\"caption\":\"V\u00c5RDFISKE.fi\"},\"image\":{\"@id\":\"https:\\\/\\\/xn--vrdfiske-9za.fi\\\/#\\\/schema\\\/logo\\\/image\\\/\"},\"sameAs\":[\"https:\\\/\\\/www.youtube.com\\\/channel\\\/UCjuN-SALAoze5zYd4I9M_Qw\"]}]}<\/script>\n<!-- \/ Yoast SEO plugin. -->","yoast_head_json":{"title":"Kontakt - V\u00c5RDFISKE.fi","robots":{"index":"index","follow":"follow","max-snippet":"max-snippet:-1","max-image-preview":"max-image-preview:large","max-video-preview":"max-video-preview:-1"},"canonical":"https:\/\/xn--vrdfiske-9za.fi\/?page_id=81","og_locale":"fi_FI","og_type":"article","og_title":"Kontakt - V\u00c5RDFISKE.fi","og_description":"e-post: arto(at)artohautala.fi tel: +358503513208 Post: Tmi Arto Hautala Rantalantie 29 69440 Lestij\u00e4rvi Finland &nbsp;","og_url":"https:\/\/xn--vrdfiske-9za.fi\/?page_id=81","og_site_name":"V\u00c5RDFISKE.fi","article_modified_time":"2021-03-28T17:24:33+00:00","og_image":[{"url":"http:\/\/xn--vrdfiske-9za.fi\/wp-content\/uploads\/2017\/09\/hokki-195x300.jpg","type":"","width":"","height":""}],"twitter_card":"summary_large_image","twitter_misc":{"Arvioitu lukuaika":"1 minuutti"},"schema":{"@context":"https:\/\/schema.org","@graph":[{"@type":"WebPage","@id":"https:\/\/xn--vrdfiske-9za.fi\/?page_id=81","url":"https:\/\/xn--vrdfiske-9za.fi\/?page_id=81","name":"Kontakt - V\u00c5RDFISKE.fi","isPartOf":{"@id":"https:\/\/xn--vrdfiske-9za.fi\/#website"},"primaryImageOfPage":{"@id":"https:\/\/xn--vrdfiske-9za.fi\/?page_id=81#primaryimage"},"image":{"@id":"https:\/\/xn--vrdfiske-9za.fi\/?page_id=81#primaryimage"},"thumbnailUrl":"http:\/\/xn--vrdfiske-9za.fi\/wp-content\/uploads\/2017\/09\/hokki-195x300.jpg","datePublished":"2017-09-12T18:14:15+00:00","dateModified":"2021-03-28T17:24:33+00:00","breadcrumb":{"@id":"https:\/\/xn--vrdfiske-9za.fi\/?page_id=81#breadcrumb"},"inLanguage":"fi","potentialAction":[{"@type":"ReadAction","target":["https:\/\/xn--vrdfiske-9za.fi\/?page_id=81"]}]},{"@type":"ImageObject","inLanguage":"fi","@id":"https:\/\/xn--vrdfiske-9za.fi\/?page_id=81#primaryimage","url":"http:\/\/xn--vrdfiske-9za.fi\/wp-content\/uploads\/2017\/09\/hokki-195x300.jpg","contentUrl":"http:\/\/xn--vrdfiske-9za.fi\/wp-content\/uploads\/2017\/09\/hokki-195x300.jpg"},{"@type":"BreadcrumbList","@id":"https:\/\/xn--vrdfiske-9za.fi\/?page_id=81#breadcrumb","itemListElement":[{"@type":"ListItem","position":1,"name":"Home","item":"https:\/\/xn--vrdfiske-9za.fi\/"},{"@type":"ListItem","position":2,"name":"Kontakt"}]},{"@type":"WebSite","@id":"https:\/\/xn--vrdfiske-9za.fi\/#website","url":"https:\/\/xn--vrdfiske-9za.fi\/","name":"V\u00c5RDFISKE.fi","description":"Professionella tj\u00e4nster inom v\u00e5rdfisket","publisher":{"@id":"https:\/\/xn--vrdfiske-9za.fi\/#organization"},"potentialAction":[{"@type":"SearchAction","target":{"@type":"EntryPoint","urlTemplate":"https:\/\/xn--vrdfiske-9za.fi\/?s={search_term_string}"},"query-input":{"@type":"PropertyValueSpecification","valueRequired":true,"valueName":"search_term_string"}}],"inLanguage":"fi"},{"@type":"Organization","@id":"https:\/\/xn--vrdfiske-9za.fi\/#organization","name":"V\u00c5RDFISKE.fi","url":"https:\/\/xn--vrdfiske-9za.fi\/","logo":{"@type":"ImageObject","inLanguage":"fi","@id":"https:\/\/xn--vrdfiske-9za.fi\/#\/schema\/logo\/image\/","url":"https:\/\/xn--vrdfiske-9za.fi\/wp-content\/uploads\/2017\/09\/KolmeKalastajaa-1024x680.jpg","contentUrl":"https:\/\/xn--vrdfiske-9za.fi\/wp-content\/uploads\/2017\/09\/KolmeKalastajaa-1024x680.jpg","width":1024,"height":680,"caption":"V\u00c5RDFISKE.fi"},"image":{"@id":"https:\/\/xn--vrdfiske-9za.fi\/#\/schema\/logo\/image\/"},"sameAs":["https:\/\/www.youtube.com\/channel\/UCjuN-SALAoze5zYd4I9M_Qw"]}]}},"_links":{"self":[{"href":"https:\/\/xn--vrdfiske-9za.fi\/index.php?rest_route=\/wp\/v2\/pages\/81","targetHints":{"allow":["GET"]}}],"collection":[{"href":"https:\/\/xn--vrdfiske-9za.fi\/index.php?rest_route=\/wp\/v2\/pages"}],"about":[{"href":"https:\/\/xn--vrdfiske-9za.fi\/index.php?rest_route=\/wp\/v2\/types\/page"}],"author":[{"embeddable":true,"href":"https:\/\/xn--vrdfiske-9za.fi\/index.php?rest_route=\/wp\/v2\/users\/1"}],"replies":[{"embeddable":true,"href":"https:\/\/xn--vrdfiske-9za.fi\/index.php?rest_route=%2Fwp%2Fv2%2Fcomments&post=81"}],"version-history":[{"count":8,"href":"https:\/\/xn--vrdfiske-9za.fi\/index.php?rest_route=\/wp\/v2\/pages\/81\/revisions"}],"predecessor-version":[{"id":259,"href":"https:\/\/xn--vrdfiske-9za.fi\/index.php?rest_route=\/wp\/v2\/pages\/81\/revisions\/259"}],"wp:attachment":[{"href":"https:\/\/xn--vrdfiske-9za.fi\/index.php?rest_route=%2Fwp%2Fv2%2Fmedia&parent=81"}],"curies":[{"name":"wp","href":"https:\/\/api.w.org\/{rel}","templated":true}]}}