{"id":61,"date":"2021-03-27T15:59:47","date_gmt":"2021-03-27T13:59:47","guid":{"rendered":"http:\/\/xn--vrdfiske-9za.fi\/?page_id=61"},"modified":"2021-03-28T11:13:41","modified_gmt":"2021-03-28T09:13:41","slug":"professionella-tjanster-inom-vardfiske","status":"publish","type":"page","link":"https:\/\/xn--vrdfiske-9za.fi\/","title":{"rendered":"Tj\u00e4nster"},"content":{"rendered":"<h2 style=\"text-align: left;\"><strong>Professionella tj\u00e4nster inom v\u00e5rdfisket<\/strong><\/h2>\n<ul>\n<li>30 \u00e5rs erfarenhet inom v\u00e5rdfiske med not, bottengarn och tr\u00e5l<img loading=\"lazy\" decoding=\"async\" class=\"wp-image-364 alignright\" src=\"http:\/\/www.artohautala.fi\/wp-content\/uploads\/2017\/08\/KolmeKalastajaa-300x199.jpg\" alt=\"\" width=\"347\" height=\"230\" \/><\/li>\n<li>\u00d6ver 200 fiskade sj\u00f6ar i Finland, Sverige, Norge och Estland<\/li>\n<li>F\u00e5ngsten av m\u00f6rt, braxen och andra vitfisk \u00f6ver 4 miljon kilo<\/li>\n<li>V\u00e4rklig kostnad i de olika tidigare kontrakten 0,7-20 SEK per kilo vitfisk<\/li>\n<li>Alla v\u00e5ra fiskare \u00e4r EU-registrerade yrkesfiskare<\/li>\n<li>V\u00e5ra kunder \u00e4r n\u00f6jda och \u00e5terkommande<\/li>\n<\/ul>\n<h2 style=\"text-align: left;\"><strong>Vi \u00e4r beredda at erbjuda:<\/strong><\/h2>\n<ul>\n<li>F\u00e5ngstbaserad kontrakt p\u00e5 fisket med bottengarn och\/eller not\n<ul>\n<li>v\u00e5rt anbud ligger mellan 10 &#8211; 20 SEK\/kg vitfisk<\/li>\n<\/ul>\n<\/li>\n<li>Pris per arbetsdag och best\u00e4md fiskeanstr\u00e4ngning \u00e4r ocks\u00e5 m\u00f6jlig\n<ul>\n<li>v\u00e5rt anbud \u00e4r troligen 15000\u201316000 SEK \/dag<\/li>\n<\/ul>\n<\/li>\n<\/ul>\n<h2 style=\"text-align: left;\"><strong>Vi \u00e4r fr\u00e4mst interesserade av sj\u00f6ar som har:<\/strong><\/h2>\n<ul>\n<li>ytvidd minst 300 ha<\/li>\n<li>syftet f\u00f6r \u00e5rlig f\u00e5ngst minst 30000 kg<\/li>\n<\/ul>\n<p>&nbsp;<\/p>\n<p><strong>Vi talar svenska och engelska och ser fram emot er kontakt via e-post eller telefon. Tillsammans f\u00f6r en b\u00e4ttre milj\u00f6!<\/strong><\/p>\n<p>&nbsp;<\/p>\n<p><strong>Arto Hautala \u00a0 \u00a0 \u00a0 \u00a0 \u00a0 \u00a0 \u00a0 \u00a0 \u00a0 \u00a0 \u00a0 \u00a0 \u00a0 \u00a0 \u00a0 \u00a0 \u00a0 \u00a0 \u00a0 \u00a0 \u00a0 \u00a0 \u00a0 \u00a0 \u00a0 \u00a0 \u00a0 \u00a0 \u00a0 \u00a0 \u00a0 \u00a0 \u00a0 \u00a0 \u00a0 \u00a0 \u00a0 \u00a0 \u00a0 \u00a0 \u00a0 \u00a0 \u00a0 \u00a0 \u00a0 \u00a0 \u00a0 \u00a0 \u00a0 \u00a0 \u00a0 \u00a0 \u00a0 \u00a0Aulis Kiiskil\u00e4 \u00a0 \u00a0 \u00a0 \u00a0 \u00a0 \u00a0 \u00a0 \u00a0 \u00a0 \u00a0 \u00a0 \u00a0 \u00a0 \u00a0 \u00a0 \u00a0 \u00a0 \u00a0 \u00a0 \u00a0 \u00a0 \u00a0 \u00a0 \u00a0 \u00a0 \u00a0 \u00a0 \u00a0 \u00a0 \u00a0 \u00a0 \u00a0 \u00a0 \u00a0 \u00a0 \u00a0 \u00a0 \u00a0 \u00a0 \u00a0 \u00a0 \u00a0 \u00a0 \u00a0 \u00a0 \u00a0 \u00a0 \u00a0 \u00a0 <\/strong><strong>Fiskebiolog \u00a0 \u00a0 \u00a0 \u00a0 \u00a0 \u00a0 \u00a0 \u00a0 \u00a0 \u00a0 \u00a0 \u00a0 \u00a0 \u00a0 \u00a0 \u00a0 \u00a0 \u00a0 \u00a0 \u00a0 \u00a0 \u00a0 \u00a0 \u00a0 \u00a0 \u00a0 \u00a0 \u00a0 \u00a0 \u00a0 \u00a0 \u00a0 \u00a0 \u00a0 \u00a0 \u00a0 \u00a0 \u00a0 \u00a0 \u00a0 \u00a0 \u00a0 \u00a0 \u00a0 \u00a0 \u00a0 \u00a0 \u00a0 \u00a0 \u00a0 \u00a0 \u00a0 \u00a0 \u00a0 \u00a0 Fiskeingeng\u00f6r<br \/>\n<\/strong><\/p>\n","protected":false},"excerpt":{"rendered":"<p>Professionella tj\u00e4nster inom v\u00e5rdfisket 30 \u00e5rs erfarenhet inom v\u00e5rdfiske med not, bottengarn och tr\u00e5l \u00d6ver 200 fiskade sj\u00f6ar i Finland, Sverige, Norge och Estland F\u00e5ngsten av m\u00f6rt, braxen och andra vitfisk \u00f6ver 4 miljon kilo V\u00e4rklig kostnad i de olika tidigare kontrakten 0,7-20 SEK per kilo vitfisk Alla v\u00e5ra fiskare \u00e4r EU-registrerade yrkesfiskare V\u00e5ra kunder [&hellip;]<\/p>\n","protected":false},"author":1,"featured_media":0,"parent":0,"menu_order":0,"comment_status":"closed","ping_status":"closed","template":"","meta":{"_genesis_hide_title":false,"_genesis_hide_breadcrumbs":false,"_genesis_hide_singular_image":false,"_genesis_hide_footer_widgets":false,"_genesis_custom_body_class":"","_genesis_custom_post_class":"","_genesis_layout":"","footnotes":""},"class_list":{"0":"post-61","1":"page","2":"type-page","3":"status-publish","5":"entry"},"yoast_head":"<!-- This site is optimized with the Yoast SEO plugin v27.3 - https:\/\/yoast.com\/product\/yoast-seo-wordpress\/ -->\n<title>Tj\u00e4nster - V\u00c5RDFISKE.fi<\/title>\n<meta name=\"robots\" content=\"index, follow, max-snippet:-1, max-image-preview:large, max-video-preview:-1\" \/>\n<link rel=\"canonical\" href=\"https:\/\/xn--vrdfiske-9za.fi\/\" \/>\n<meta property=\"og:locale\" content=\"fi_FI\" \/>\n<meta property=\"og:type\" content=\"article\" \/>\n<meta property=\"og:title\" content=\"Tj\u00e4nster - V\u00c5RDFISKE.fi\" \/>\n<meta property=\"og:description\" content=\"Professionella tj\u00e4nster inom v\u00e5rdfisket 30 \u00e5rs erfarenhet inom v\u00e5rdfiske med not, bottengarn och tr\u00e5l \u00d6ver 200 fiskade sj\u00f6ar i Finland, Sverige, Norge och Estland F\u00e5ngsten av m\u00f6rt, braxen och andra vitfisk \u00f6ver 4 miljon kilo V\u00e4rklig kostnad i de olika tidigare kontrakten 0,7-20 SEK per kilo vitfisk Alla v\u00e5ra fiskare \u00e4r EU-registrerade yrkesfiskare V\u00e5ra kunder [&hellip;]\" \/>\n<meta property=\"og:url\" content=\"https:\/\/xn--vrdfiske-9za.fi\/\" \/>\n<meta property=\"og:site_name\" content=\"V\u00c5RDFISKE.fi\" \/>\n<meta property=\"article:modified_time\" content=\"2021-03-28T09:13:41+00:00\" \/>\n<meta property=\"og:image\" content=\"http:\/\/www.artohautala.fi\/wp-content\/uploads\/2017\/08\/KolmeKalastajaa-300x199.jpg\" \/>\n<meta name=\"twitter:card\" content=\"summary_large_image\" \/>\n<meta name=\"twitter:label1\" content=\"Arvioitu lukuaika\" \/>\n\t<meta name=\"twitter:data1\" content=\"1 minuutti\" \/>\n<script type=\"application\/ld+json\" class=\"yoast-schema-graph\">{\"@context\":\"https:\\\/\\\/schema.org\",\"@graph\":[{\"@type\":\"WebPage\",\"@id\":\"https:\\\/\\\/xn--vrdfiske-9za.fi\\\/\",\"url\":\"https:\\\/\\\/xn--vrdfiske-9za.fi\\\/\",\"name\":\"Tj\u00e4nster - V\u00c5RDFISKE.fi\",\"isPartOf\":{\"@id\":\"https:\\\/\\\/xn--vrdfiske-9za.fi\\\/#website\"},\"primaryImageOfPage\":{\"@id\":\"https:\\\/\\\/xn--vrdfiske-9za.fi\\\/#primaryimage\"},\"image\":{\"@id\":\"https:\\\/\\\/xn--vrdfiske-9za.fi\\\/#primaryimage\"},\"thumbnailUrl\":\"http:\\\/\\\/www.artohautala.fi\\\/wp-content\\\/uploads\\\/2017\\\/08\\\/KolmeKalastajaa-300x199.jpg\",\"datePublished\":\"2021-03-27T13:59:47+00:00\",\"dateModified\":\"2021-03-28T09:13:41+00:00\",\"breadcrumb\":{\"@id\":\"https:\\\/\\\/xn--vrdfiske-9za.fi\\\/#breadcrumb\"},\"inLanguage\":\"fi\",\"potentialAction\":[{\"@type\":\"ReadAction\",\"target\":[\"https:\\\/\\\/xn--vrdfiske-9za.fi\\\/\"]}]},{\"@type\":\"ImageObject\",\"inLanguage\":\"fi\",\"@id\":\"https:\\\/\\\/xn--vrdfiske-9za.fi\\\/#primaryimage\",\"url\":\"http:\\\/\\\/www.artohautala.fi\\\/wp-content\\\/uploads\\\/2017\\\/08\\\/KolmeKalastajaa-300x199.jpg\",\"contentUrl\":\"http:\\\/\\\/www.artohautala.fi\\\/wp-content\\\/uploads\\\/2017\\\/08\\\/KolmeKalastajaa-300x199.jpg\"},{\"@type\":\"BreadcrumbList\",\"@id\":\"https:\\\/\\\/xn--vrdfiske-9za.fi\\\/#breadcrumb\",\"itemListElement\":[{\"@type\":\"ListItem\",\"position\":1,\"name\":\"Home\",\"item\":\"https:\\\/\\\/xn--vrdfiske-9za.fi\\\/\"},{\"@type\":\"ListItem\",\"position\":2,\"name\":\"Tj\u00e4nster\"}]},{\"@type\":\"WebSite\",\"@id\":\"https:\\\/\\\/xn--vrdfiske-9za.fi\\\/#website\",\"url\":\"https:\\\/\\\/xn--vrdfiske-9za.fi\\\/\",\"name\":\"V\u00c5RDFISKE.fi\",\"description\":\"Professionella tj\u00e4nster inom v\u00e5rdfisket\",\"publisher\":{\"@id\":\"https:\\\/\\\/xn--vrdfiske-9za.fi\\\/#organization\"},\"potentialAction\":[{\"@type\":\"SearchAction\",\"target\":{\"@type\":\"EntryPoint\",\"urlTemplate\":\"https:\\\/\\\/xn--vrdfiske-9za.fi\\\/?s={search_term_string}\"},\"query-input\":{\"@type\":\"PropertyValueSpecification\",\"valueRequired\":true,\"valueName\":\"search_term_string\"}}],\"inLanguage\":\"fi\"},{\"@type\":\"Organization\",\"@id\":\"https:\\\/\\\/xn--vrdfiske-9za.fi\\\/#organization\",\"name\":\"V\u00c5RDFISKE.fi\",\"url\":\"https:\\\/\\\/xn--vrdfiske-9za.fi\\\/\",\"logo\":{\"@type\":\"ImageObject\",\"inLanguage\":\"fi\",\"@id\":\"https:\\\/\\\/xn--vrdfiske-9za.fi\\\/#\\\/schema\\\/logo\\\/image\\\/\",\"url\":\"https:\\\/\\\/xn--vrdfiske-9za.fi\\\/wp-content\\\/uploads\\\/2017\\\/09\\\/KolmeKalastajaa-1024x680.jpg\",\"contentUrl\":\"https:\\\/\\\/xn--vrdfiske-9za.fi\\\/wp-content\\\/uploads\\\/2017\\\/09\\\/KolmeKalastajaa-1024x680.jpg\",\"width\":1024,\"height\":680,\"caption\":\"V\u00c5RDFISKE.fi\"},\"image\":{\"@id\":\"https:\\\/\\\/xn--vrdfiske-9za.fi\\\/#\\\/schema\\\/logo\\\/image\\\/\"},\"sameAs\":[\"https:\\\/\\\/www.youtube.com\\\/channel\\\/UCjuN-SALAoze5zYd4I9M_Qw\"]}]}<\/script>\n<!-- \/ Yoast SEO plugin. -->","yoast_head_json":{"title":"Tj\u00e4nster - V\u00c5RDFISKE.fi","robots":{"index":"index","follow":"follow","max-snippet":"max-snippet:-1","max-image-preview":"max-image-preview:large","max-video-preview":"max-video-preview:-1"},"canonical":"https:\/\/xn--vrdfiske-9za.fi\/","og_locale":"fi_FI","og_type":"article","og_title":"Tj\u00e4nster - V\u00c5RDFISKE.fi","og_description":"Professionella tj\u00e4nster inom v\u00e5rdfisket 30 \u00e5rs erfarenhet inom v\u00e5rdfiske med not, bottengarn och tr\u00e5l \u00d6ver 200 fiskade sj\u00f6ar i Finland, Sverige, Norge och Estland F\u00e5ngsten av m\u00f6rt, braxen och andra vitfisk \u00f6ver 4 miljon kilo V\u00e4rklig kostnad i de olika tidigare kontrakten 0,7-20 SEK per kilo vitfisk Alla v\u00e5ra fiskare \u00e4r EU-registrerade yrkesfiskare V\u00e5ra kunder [&hellip;]","og_url":"https:\/\/xn--vrdfiske-9za.fi\/","og_site_name":"V\u00c5RDFISKE.fi","article_modified_time":"2021-03-28T09:13:41+00:00","og_image":[{"url":"http:\/\/www.artohautala.fi\/wp-content\/uploads\/2017\/08\/KolmeKalastajaa-300x199.jpg","type":"","width":"","height":""}],"twitter_card":"summary_large_image","twitter_misc":{"Arvioitu lukuaika":"1 minuutti"},"schema":{"@context":"https:\/\/schema.org","@graph":[{"@type":"WebPage","@id":"https:\/\/xn--vrdfiske-9za.fi\/","url":"https:\/\/xn--vrdfiske-9za.fi\/","name":"Tj\u00e4nster - V\u00c5RDFISKE.fi","isPartOf":{"@id":"https:\/\/xn--vrdfiske-9za.fi\/#website"},"primaryImageOfPage":{"@id":"https:\/\/xn--vrdfiske-9za.fi\/#primaryimage"},"image":{"@id":"https:\/\/xn--vrdfiske-9za.fi\/#primaryimage"},"thumbnailUrl":"http:\/\/www.artohautala.fi\/wp-content\/uploads\/2017\/08\/KolmeKalastajaa-300x199.jpg","datePublished":"2021-03-27T13:59:47+00:00","dateModified":"2021-03-28T09:13:41+00:00","breadcrumb":{"@id":"https:\/\/xn--vrdfiske-9za.fi\/#breadcrumb"},"inLanguage":"fi","potentialAction":[{"@type":"ReadAction","target":["https:\/\/xn--vrdfiske-9za.fi\/"]}]},{"@type":"ImageObject","inLanguage":"fi","@id":"https:\/\/xn--vrdfiske-9za.fi\/#primaryimage","url":"http:\/\/www.artohautala.fi\/wp-content\/uploads\/2017\/08\/KolmeKalastajaa-300x199.jpg","contentUrl":"http:\/\/www.artohautala.fi\/wp-content\/uploads\/2017\/08\/KolmeKalastajaa-300x199.jpg"},{"@type":"BreadcrumbList","@id":"https:\/\/xn--vrdfiske-9za.fi\/#breadcrumb","itemListElement":[{"@type":"ListItem","position":1,"name":"Home","item":"https:\/\/xn--vrdfiske-9za.fi\/"},{"@type":"ListItem","position":2,"name":"Tj\u00e4nster"}]},{"@type":"WebSite","@id":"https:\/\/xn--vrdfiske-9za.fi\/#website","url":"https:\/\/xn--vrdfiske-9za.fi\/","name":"V\u00c5RDFISKE.fi","description":"Professionella tj\u00e4nster inom v\u00e5rdfisket","publisher":{"@id":"https:\/\/xn--vrdfiske-9za.fi\/#organization"},"potentialAction":[{"@type":"SearchAction","target":{"@type":"EntryPoint","urlTemplate":"https:\/\/xn--vrdfiske-9za.fi\/?s={search_term_string}"},"query-input":{"@type":"PropertyValueSpecification","valueRequired":true,"valueName":"search_term_string"}}],"inLanguage":"fi"},{"@type":"Organization","@id":"https:\/\/xn--vrdfiske-9za.fi\/#organization","name":"V\u00c5RDFISKE.fi","url":"https:\/\/xn--vrdfiske-9za.fi\/","logo":{"@type":"ImageObject","inLanguage":"fi","@id":"https:\/\/xn--vrdfiske-9za.fi\/#\/schema\/logo\/image\/","url":"https:\/\/xn--vrdfiske-9za.fi\/wp-content\/uploads\/2017\/09\/KolmeKalastajaa-1024x680.jpg","contentUrl":"https:\/\/xn--vrdfiske-9za.fi\/wp-content\/uploads\/2017\/09\/KolmeKalastajaa-1024x680.jpg","width":1024,"height":680,"caption":"V\u00c5RDFISKE.fi"},"image":{"@id":"https:\/\/xn--vrdfiske-9za.fi\/#\/schema\/logo\/image\/"},"sameAs":["https:\/\/www.youtube.com\/channel\/UCjuN-SALAoze5zYd4I9M_Qw"]}]}},"_links":{"self":[{"href":"https:\/\/xn--vrdfiske-9za.fi\/index.php?rest_route=\/wp\/v2\/pages\/61","targetHints":{"allow":["GET"]}}],"collection":[{"href":"https:\/\/xn--vrdfiske-9za.fi\/index.php?rest_route=\/wp\/v2\/pages"}],"about":[{"href":"https:\/\/xn--vrdfiske-9za.fi\/index.php?rest_route=\/wp\/v2\/types\/page"}],"author":[{"embeddable":true,"href":"https:\/\/xn--vrdfiske-9za.fi\/index.php?rest_route=\/wp\/v2\/users\/1"}],"replies":[{"embeddable":true,"href":"https:\/\/xn--vrdfiske-9za.fi\/index.php?rest_route=%2Fwp%2Fv2%2Fcomments&post=61"}],"version-history":[{"count":7,"href":"https:\/\/xn--vrdfiske-9za.fi\/index.php?rest_route=\/wp\/v2\/pages\/61\/revisions"}],"predecessor-version":[{"id":232,"href":"https:\/\/xn--vrdfiske-9za.fi\/index.php?rest_route=\/wp\/v2\/pages\/61\/revisions\/232"}],"wp:attachment":[{"href":"https:\/\/xn--vrdfiske-9za.fi\/index.php?rest_route=%2Fwp%2Fv2%2Fmedia&parent=61"}],"curies":[{"name":"wp","href":"https:\/\/api.w.org\/{rel}","templated":true}]}}