{"id":100,"date":"2017-10-22T20:59:21","date_gmt":"2017-10-22T18:59:21","guid":{"rendered":"http:\/\/xn--vrdfiske-9za.fi\/?page_id=100"},"modified":"2021-04-01T15:49:34","modified_gmt":"2021-04-01T13:49:34","slug":"senaste-projekten","status":"publish","type":"page","link":"https:\/\/xn--vrdfiske-9za.fi\/?page_id=100","title":{"rendered":"Senaste projekten"},"content":{"rendered":"<h3>Nimmern, en 400 hektar sj\u00f6n i Kinda kommun. Notfisket i oktober 2017, 2018, 2019 och 2020.<\/h3>\n<p>Fisket producerade 83600 kg (212 kg\/ha) f\u00e5ngst av vitfisk; fr\u00e4mst m\u00f6rt, braxen och g\u00e4rs. Fiskekostnad var 4 SEK\/kg. Siktdjupet i sj\u00f6n \u00f6kade fr\u00e5n 0,45 m till 2,6 m. Best\u00e5ndet av stor abborre (300-1300 g) \u00f6kade snabbt och gjorde mest av den sista \u00e5rs f\u00e5ngsten. H\u00e4r finns tv\u00e5 rapporter av fisket (in english) <a href=\"https:\/\/xn--vrdfiske-9za.fi\/wp-content\/uploads\/2019\/03\/Nimmern-seining-report-2018.pdf\">Nimmern seining report 2018<\/a>\u00a0och <a href=\"http:\/\/v\u00e5rdfiske.fi\/wp-content\/uploads\/2021\/03\/Nimmern_seining_report_2020.pdf\">Nimmern seining report 2020<\/a>.<\/p>\n<p><img loading=\"lazy\" decoding=\"async\" class=\"alignleft wp-image-239 \" src=\"https:\/\/xn--vrdfiske-9za.fi\/wp-content\/uploads\/2021\/03\/Nimmern_tilasto.png\" alt=\"\" width=\"311\" height=\"242\" \/><\/p>\n<p><img loading=\"lazy\" decoding=\"async\" class=\"alignleft wp-image-244 \" src=\"https:\/\/xn--vrdfiske-9za.fi\/wp-content\/uploads\/2021\/03\/Nimmern_nakosyvyys.png\" alt=\"\" width=\"597\" height=\"390\" srcset=\"https:\/\/xn--vrdfiske-9za.fi\/wp-content\/uploads\/2021\/03\/Nimmern_nakosyvyys.png 1528w, https:\/\/xn--vrdfiske-9za.fi\/wp-content\/uploads\/2021\/03\/Nimmern_nakosyvyys-300x196.png 300w, https:\/\/xn--vrdfiske-9za.fi\/wp-content\/uploads\/2021\/03\/Nimmern_nakosyvyys-1024x669.png 1024w, https:\/\/xn--vrdfiske-9za.fi\/wp-content\/uploads\/2021\/03\/Nimmern_nakosyvyys-768x502.png 768w\" sizes=\"auto, (max-width: 597px) 100vw, 597px\" \/><\/p>\n<p>&nbsp;<\/p>\n<p>&nbsp;<\/p>\n<p>&nbsp;<\/p>\n<p><img loading=\"lazy\" decoding=\"async\" class=\"wp-image-164 alignleft\" src=\"https:\/\/xn--vrdfiske-9za.fi\/wp-content\/uploads\/2019\/03\/DSC_0040-300x169.jpg\" alt=\"\" width=\"424\" height=\"239\" srcset=\"https:\/\/xn--vrdfiske-9za.fi\/wp-content\/uploads\/2019\/03\/DSC_0040-300x169.jpg 300w, https:\/\/xn--vrdfiske-9za.fi\/wp-content\/uploads\/2019\/03\/DSC_0040-768x432.jpg 768w, https:\/\/xn--vrdfiske-9za.fi\/wp-content\/uploads\/2019\/03\/DSC_0040-1024x576.jpg 1024w\" sizes=\"auto, (max-width: 424px) 100vw, 424px\" \/> <img loading=\"lazy\" decoding=\"async\" class=\"wp-image-163 alignleft\" src=\"https:\/\/xn--vrdfiske-9za.fi\/wp-content\/uploads\/2019\/03\/DSC_0030-300x169.jpg\" alt=\"\" width=\"360\" height=\"203\" srcset=\"https:\/\/xn--vrdfiske-9za.fi\/wp-content\/uploads\/2019\/03\/DSC_0030-300x169.jpg 300w, https:\/\/xn--vrdfiske-9za.fi\/wp-content\/uploads\/2019\/03\/DSC_0030-768x432.jpg 768w, https:\/\/xn--vrdfiske-9za.fi\/wp-content\/uploads\/2019\/03\/DSC_0030-1024x576.jpg 1024w\" sizes=\"auto, (max-width: 360px) 100vw, 360px\" \/><\/p>\n<p>&nbsp;<\/p>\n<h3><\/h3>\n<h3><\/h3>\n<h3><\/h3>\n<h3><\/h3>\n<h3><\/h3>\n<p><img loading=\"lazy\" decoding=\"async\" class=\" wp-image-104 alignleft\" src=\"https:\/\/xn--vrdfiske-9za.fi\/wp-content\/uploads\/2017\/10\/Nimmern2-300x169.jpg\" alt=\"\" width=\"364\" height=\"205\" srcset=\"https:\/\/xn--vrdfiske-9za.fi\/wp-content\/uploads\/2017\/10\/Nimmern2-300x169.jpg 300w, https:\/\/xn--vrdfiske-9za.fi\/wp-content\/uploads\/2017\/10\/Nimmern2-768x432.jpg 768w, https:\/\/xn--vrdfiske-9za.fi\/wp-content\/uploads\/2017\/10\/Nimmern2-1024x576.jpg 1024w\" sizes=\"auto, (max-width: 364px) 100vw, 364px\" \/><img loading=\"lazy\" decoding=\"async\" class=\"wp-image-103 alignleft\" src=\"https:\/\/xn--vrdfiske-9za.fi\/wp-content\/uploads\/2017\/10\/Nimmern1-e1508698456111-169x300.jpg\" alt=\"\" width=\"331\" height=\"588\" srcset=\"https:\/\/xn--vrdfiske-9za.fi\/wp-content\/uploads\/2017\/10\/Nimmern1-e1508698456111-169x300.jpg 169w, https:\/\/xn--vrdfiske-9za.fi\/wp-content\/uploads\/2017\/10\/Nimmern1-e1508698456111-768x1365.jpg 768w, https:\/\/xn--vrdfiske-9za.fi\/wp-content\/uploads\/2017\/10\/Nimmern1-e1508698456111-576x1024.jpg 576w\" sizes=\"auto, (max-width: 331px) 100vw, 331px\" \/><img loading=\"lazy\" decoding=\"async\" class=\"wp-image-241 alignleft\" src=\"https:\/\/xn--vrdfiske-9za.fi\/wp-content\/uploads\/2021\/03\/Nimmern_ahvenet-169x300.png\" alt=\"\" width=\"331\" height=\"588\" srcset=\"https:\/\/xn--vrdfiske-9za.fi\/wp-content\/uploads\/2021\/03\/Nimmern_ahvenet-169x300.png 169w, https:\/\/xn--vrdfiske-9za.fi\/wp-content\/uploads\/2021\/03\/Nimmern_ahvenet.png 419w\" sizes=\"auto, (max-width: 331px) 100vw, 331px\" \/><\/p>\n<p>&nbsp;<\/p>\n<p>&nbsp;<\/p>\n<p>&nbsp;<\/p>\n<p>&nbsp;<\/p>\n<p>&nbsp;<\/p>\n<p>&nbsp;<\/p>\n<p>&nbsp;<\/p>\n<p>&nbsp;<\/p>\n<p>&nbsp;<\/p>\n<p>&nbsp;<\/p>\n<p>&nbsp;<\/p>\n<p>&nbsp;<\/p>\n<p>&nbsp;<\/p>\n<p>&nbsp;<\/p>\n<p>&nbsp;<\/p>\n<p>&nbsp;<\/p>\n<p>&nbsp;<\/p>\n<p>&nbsp;<\/p>\n<p>&nbsp;<\/p>\n<p>&nbsp;<\/p>\n<p>&nbsp;<\/p>\n<p>&nbsp;<\/p>\n<p>&nbsp;<\/p>\n<p>&nbsp;<\/p>\n<p>&nbsp;<\/p>\n<hr \/>\n<h3>Bodensj\u00f6arna , fyra sj\u00f6ar tillsammans 711 hektar , september 2018, 2019 och 2020<\/h3>\n<p>Tillsammans 55 dagars notfisket har producerad 138 000 kg (194 kg\/ha) f\u00e5ngst av vitfisk. Fiskekostnaden \u00e4r 7 SEK\/kg. Siktdjupet i de viktigaste sj\u00f6ar vid staden har f\u00f6rdubblat och bl\u00e5gr\u00f6na algblomstringar minskat.\u00a0 H\u00e4r har vi jobbat som en underleverant\u00f6r f\u00f6r <a href=\"http:\/\/www.klaravatten.se\">KlaraVatten<\/a>.<\/p>\n<p><img loading=\"lazy\" decoding=\"async\" class=\"wp-image-250 aligncenter\" src=\"https:\/\/xn--vrdfiske-9za.fi\/wp-content\/uploads\/2021\/03\/Boden_tilasto-300x168.png\" alt=\"\" width=\"425\" height=\"238\" srcset=\"https:\/\/xn--vrdfiske-9za.fi\/wp-content\/uploads\/2021\/03\/Boden_tilasto-300x168.png 300w, https:\/\/xn--vrdfiske-9za.fi\/wp-content\/uploads\/2021\/03\/Boden_tilasto.png 340w\" sizes=\"auto, (max-width: 425px) 100vw, 425px\" \/><\/p>\n<p>&nbsp;<\/p>\n<p><img loading=\"lazy\" decoding=\"async\" class=\" wp-image-202\" src=\"https:\/\/xn--vrdfiske-9za.fi\/wp-content\/uploads\/2019\/03\/P9160011-300x147.jpg\" alt=\"\" width=\"833\" height=\"408\" srcset=\"https:\/\/xn--vrdfiske-9za.fi\/wp-content\/uploads\/2019\/03\/P9160011-300x147.jpg 300w, https:\/\/xn--vrdfiske-9za.fi\/wp-content\/uploads\/2019\/03\/P9160011-768x377.jpg 768w, https:\/\/xn--vrdfiske-9za.fi\/wp-content\/uploads\/2019\/03\/P9160011-1024x503.jpg 1024w\" sizes=\"auto, (max-width: 833px) 100vw, 833px\" \/><\/p>\n<p>&nbsp;<\/p>\n<hr \/>\n<h3>Finjasj\u00f6n, en 1000 hektar sj\u00f6n i H\u00e4ssleholm, Sk\u00e5ne, 2010-2017<\/h3>\n<p>Denna sj\u00f6n \u00e4r en av st\u00f6rsta och mest ber\u00f6mda sj\u00f6ar i v\u00e4rlden som har restaurerats med utfiskning av vitfisk. Hel\u00e9ne Annadotter och Johan Forssblad (REGITO AB) har gjort d\u00e4r mycket fin planering, organisering och forskning redan fr\u00e5n 1980-talet. Vi har fiskat d\u00e4r \u00e5rligen med bottengarn och\/eller not \u00e5rligen fr\u00e5n 2010 till 2017.\u00a0 Ni kan l\u00e4sa mycket mera om sj\u00f6n och allt som har gjorts d\u00e4r fr\u00e5n <a href=\"http:\/\/www.regito.com\">www.regito.com<\/a>.\u00a0 Informationen nedan \u00e4r fr\u00e5n deras \u00e5rsrapport 2017:<\/p>\n<p>Annadotter, H., Forssblad, J. och Larsson, M. 2018. Limnologisk \u00e5rsrapport f\u00f6r Finjasj\u00f6n 2017. \u2013Rapport 93 sidor, Regito AB.<\/p>\n<p><img loading=\"lazy\" decoding=\"async\" class=\" wp-image-142 aligncenter\" src=\"https:\/\/xn--vrdfiske-9za.fi\/wp-content\/uploads\/2018\/06\/Finjasj\u00f62-300x294.jpg\" alt=\"\" width=\"809\" height=\"793\" srcset=\"https:\/\/xn--vrdfiske-9za.fi\/wp-content\/uploads\/2018\/06\/Finjasj\u00f62-300x294.jpg 300w, https:\/\/xn--vrdfiske-9za.fi\/wp-content\/uploads\/2018\/06\/Finjasj\u00f62.jpg 708w\" sizes=\"auto, (max-width: 809px) 100vw, 809px\" \/><\/p>\n<p><img loading=\"lazy\" decoding=\"async\" class=\"wp-image-141 aligncenter\" src=\"https:\/\/xn--vrdfiske-9za.fi\/wp-content\/uploads\/2018\/06\/Finjasj\u00f61-300x188.jpg\" alt=\"\" width=\"868\" height=\"544\" srcset=\"https:\/\/xn--vrdfiske-9za.fi\/wp-content\/uploads\/2018\/06\/Finjasj\u00f61-300x188.jpg 300w, https:\/\/xn--vrdfiske-9za.fi\/wp-content\/uploads\/2018\/06\/Finjasj\u00f61-768x481.jpg 768w, https:\/\/xn--vrdfiske-9za.fi\/wp-content\/uploads\/2018\/06\/Finjasj\u00f61-1024x641.jpg 1024w, https:\/\/xn--vrdfiske-9za.fi\/wp-content\/uploads\/2018\/06\/Finjasj\u00f61.jpg 1084w\" sizes=\"auto, (max-width: 868px) 100vw, 868px\" \/><\/p>\n<p><img loading=\"lazy\" decoding=\"async\" class=\"wp-image-154 aligncenter\" src=\"https:\/\/xn--vrdfiske-9za.fi\/wp-content\/uploads\/2018\/06\/finjasjon-bottengarnsfiske-IMG_0022-v02-300x192.jpg\" alt=\"\" width=\"431\" height=\"276\" srcset=\"https:\/\/xn--vrdfiske-9za.fi\/wp-content\/uploads\/2018\/06\/finjasjon-bottengarnsfiske-IMG_0022-v02-300x192.jpg 300w, https:\/\/xn--vrdfiske-9za.fi\/wp-content\/uploads\/2018\/06\/finjasjon-bottengarnsfiske-IMG_0022-v02-768x491.jpg 768w, https:\/\/xn--vrdfiske-9za.fi\/wp-content\/uploads\/2018\/06\/finjasjon-bottengarnsfiske-IMG_0022-v02-1024x655.jpg 1024w, https:\/\/xn--vrdfiske-9za.fi\/wp-content\/uploads\/2018\/06\/finjasjon-bottengarnsfiske-IMG_0022-v02.jpg 1772w\" sizes=\"auto, (max-width: 431px) 100vw, 431px\" \/><\/p>\n<p style=\"text-align: center;\">Bottengarnf\u00e5ngsten, foto Johan Forssblad, Regito AB<\/p>\n<p>&nbsp;<\/p>\n<p>&nbsp;<\/p>\n<hr \/>\n<h3>Sundstatj\u00e4rn,\u00a0 7,8 hektar, Karlstad. Oktober 2016 och 2017.<\/h3>\n<p>Sundstatj\u00e4rn \u00e4r en liten 7,8 ha sj\u00f6 i mitten av Karlstad. Med mellan finns det en snygg badstrand och en spa vid sj\u00f6n. Tyv\u00e4rr i f\u00f6rra \u00e5ren sj\u00f6n har lidit av kraftiga blomstringar av bl\u00e5gr\u00f6na alger. P\u00e5 h\u00f6st 2016 vi f\u00f6rst provfiskade sj\u00f6n med en not drag och f\u00e5ngsten var ca 1.6 ton (225 kg\/ha), mest m\u00f6rt och sutare. P\u00e5 denna g\u00e5ng allt fisk sl\u00e4pades tillbaka i sj\u00f6n men p\u00e5 h\u00f6st 2017 notade vi d\u00e4r igen och nu alla m\u00f6rt, sm\u00e5 abborrar och mest av sutaren (ca 1,2 ton av 1,5 ton f\u00e5ngsten) togs upp och flyttades till en n\u00e4ra elven. Not-fisket \u00e4r effektivt ocks\u00e5 i sm\u00e5 sj\u00f6ar! H\u00e4r kunde man fiska med en drag n\u00e4stan hel ytan av sj\u00f6n. P\u00e5 sommar 2018 bl\u00e5gr\u00f6na alger hade n\u00e4stan f\u00f6rsvunnit fr\u00e5n sj\u00f6n och man kunde simma d\u00e4r hela sommaren!<\/p>\n<p><img loading=\"lazy\" decoding=\"async\" class=\"wp-image-114 alignleft\" src=\"https:\/\/xn--vrdfiske-9za.fi\/wp-content\/uploads\/2018\/05\/Sundstatj\u00e4rn1-1-300x214.jpg\" alt=\"\" width=\"571\" height=\"407\" srcset=\"https:\/\/xn--vrdfiske-9za.fi\/wp-content\/uploads\/2018\/05\/Sundstatj\u00e4rn1-1-300x214.jpg 300w, https:\/\/xn--vrdfiske-9za.fi\/wp-content\/uploads\/2018\/05\/Sundstatj\u00e4rn1-1-768x548.jpg 768w, https:\/\/xn--vrdfiske-9za.fi\/wp-content\/uploads\/2018\/05\/Sundstatj\u00e4rn1-1-1024x731.jpg 1024w, https:\/\/xn--vrdfiske-9za.fi\/wp-content\/uploads\/2018\/05\/Sundstatj\u00e4rn1-1.jpg 2048w\" sizes=\"auto, (max-width: 571px) 100vw, 571px\" \/><\/p>\n<p>&nbsp;<\/p>\n<p>&nbsp;<\/p>\n<p>Algblomstring har f\u00e4rgat vatten gr\u00f6nt i Sundstatj\u00e4rn p\u00e5 sommaren 2017. https:\/\/www.facebook.com\/karlstadfranovan\/<img loading=\"lazy\" decoding=\"async\" class=\"wp-image-115 alignleft\" src=\"https:\/\/xn--vrdfiske-9za.fi\/wp-content\/uploads\/2018\/05\/Sundstatj\u00e4rn1-2-300x169.jpg\" alt=\"\" width=\"481\" height=\"271\" srcset=\"https:\/\/xn--vrdfiske-9za.fi\/wp-content\/uploads\/2018\/05\/Sundstatj\u00e4rn1-2-300x169.jpg 300w, https:\/\/xn--vrdfiske-9za.fi\/wp-content\/uploads\/2018\/05\/Sundstatj\u00e4rn1-2-768x432.jpg 768w, https:\/\/xn--vrdfiske-9za.fi\/wp-content\/uploads\/2018\/05\/Sundstatj\u00e4rn1-2-1024x576.jpg 1024w, https:\/\/xn--vrdfiske-9za.fi\/wp-content\/uploads\/2018\/05\/Sundstatj\u00e4rn1-2.jpg 1920w\" sizes=\"auto, (max-width: 481px) 100vw, 481px\" \/><\/p>\n<p><img loading=\"lazy\" decoding=\"async\" class=\"wp-image-116 alignright\" src=\"https:\/\/xn--vrdfiske-9za.fi\/wp-content\/uploads\/2018\/05\/Sundstatj\u00e4rn1-3-300x169.jpg\" alt=\"\" width=\"467\" height=\"263\" srcset=\"https:\/\/xn--vrdfiske-9za.fi\/wp-content\/uploads\/2018\/05\/Sundstatj\u00e4rn1-3-300x169.jpg 300w, https:\/\/xn--vrdfiske-9za.fi\/wp-content\/uploads\/2018\/05\/Sundstatj\u00e4rn1-3-768x432.jpg 768w, https:\/\/xn--vrdfiske-9za.fi\/wp-content\/uploads\/2018\/05\/Sundstatj\u00e4rn1-3.jpg 992w\" sizes=\"auto, (max-width: 467px) 100vw, 467px\" \/><\/p>\n<p>&nbsp;<\/p>\n<p>&nbsp;<\/p>\n<p>&nbsp;<\/p>\n<p>&nbsp;<\/p>\n<p>&nbsp;<\/p>\n","protected":false},"excerpt":{"rendered":"<p>Nimmern, en 400 hektar sj\u00f6n i Kinda kommun. Notfisket i oktober 2017, 2018, 2019 och 2020. Fisket producerade 83600 kg (212 kg\/ha) f\u00e5ngst av vitfisk; fr\u00e4mst m\u00f6rt, braxen och g\u00e4rs. Fiskekostnad var 4 SEK\/kg. Siktdjupet i sj\u00f6n \u00f6kade fr\u00e5n 0,45 m till 2,6 m. Best\u00e5ndet av stor abborre (300-1300 g) \u00f6kade snabbt och gjorde mest [&hellip;]<\/p>\n","protected":false},"author":1,"featured_media":0,"parent":0,"menu_order":0,"comment_status":"closed","ping_status":"closed","template":"","meta":{"_genesis_hide_title":false,"_genesis_hide_breadcrumbs":false,"_genesis_hide_singular_image":false,"_genesis_hide_footer_widgets":false,"_genesis_custom_body_class":"","_genesis_custom_post_class":"","_genesis_layout":"full-width-content","footnotes":""},"class_list":{"0":"post-100","1":"page","2":"type-page","3":"status-publish","5":"entry"},"yoast_head":"<!-- This site is optimized with the Yoast SEO plugin v27.3 - https:\/\/yoast.com\/product\/yoast-seo-wordpress\/ -->\n<title>Senaste projekten - V\u00c5RDFISKE.fi<\/title>\n<meta name=\"robots\" content=\"index, follow, max-snippet:-1, max-image-preview:large, max-video-preview:-1\" \/>\n<link rel=\"canonical\" href=\"https:\/\/xn--vrdfiske-9za.fi\/?page_id=100\" \/>\n<meta property=\"og:locale\" content=\"fi_FI\" \/>\n<meta property=\"og:type\" content=\"article\" \/>\n<meta property=\"og:title\" content=\"Senaste projekten - V\u00c5RDFISKE.fi\" \/>\n<meta property=\"og:description\" content=\"Nimmern, en 400 hektar sj\u00f6n i Kinda kommun. Notfisket i oktober 2017, 2018, 2019 och 2020. Fisket producerade 83600 kg (212 kg\/ha) f\u00e5ngst av vitfisk; fr\u00e4mst m\u00f6rt, braxen och g\u00e4rs. Fiskekostnad var 4 SEK\/kg. Siktdjupet i sj\u00f6n \u00f6kade fr\u00e5n 0,45 m till 2,6 m. Best\u00e5ndet av stor abborre (300-1300 g) \u00f6kade snabbt och gjorde mest [&hellip;]\" \/>\n<meta property=\"og:url\" content=\"https:\/\/xn--vrdfiske-9za.fi\/?page_id=100\" \/>\n<meta property=\"og:site_name\" content=\"V\u00c5RDFISKE.fi\" \/>\n<meta property=\"article:modified_time\" content=\"2021-04-01T13:49:34+00:00\" \/>\n<meta property=\"og:image\" content=\"http:\/\/xn--vrdfiske-9za.fi\/wp-content\/uploads\/2021\/03\/Nimmern_tilasto.png\" \/>\n<meta name=\"twitter:card\" content=\"summary_large_image\" \/>\n<meta name=\"twitter:label1\" content=\"Arvioitu lukuaika\" \/>\n\t<meta name=\"twitter:data1\" content=\"5 minuuttia\" \/>\n<script type=\"application\/ld+json\" class=\"yoast-schema-graph\">{\"@context\":\"https:\\\/\\\/schema.org\",\"@graph\":[{\"@type\":\"WebPage\",\"@id\":\"https:\\\/\\\/xn--vrdfiske-9za.fi\\\/?page_id=100\",\"url\":\"https:\\\/\\\/xn--vrdfiske-9za.fi\\\/?page_id=100\",\"name\":\"Senaste projekten - V\u00c5RDFISKE.fi\",\"isPartOf\":{\"@id\":\"https:\\\/\\\/xn--vrdfiske-9za.fi\\\/#website\"},\"primaryImageOfPage\":{\"@id\":\"https:\\\/\\\/xn--vrdfiske-9za.fi\\\/?page_id=100#primaryimage\"},\"image\":{\"@id\":\"https:\\\/\\\/xn--vrdfiske-9za.fi\\\/?page_id=100#primaryimage\"},\"thumbnailUrl\":\"http:\\\/\\\/xn--vrdfiske-9za.fi\\\/wp-content\\\/uploads\\\/2021\\\/03\\\/Nimmern_tilasto.png\",\"datePublished\":\"2017-10-22T18:59:21+00:00\",\"dateModified\":\"2021-04-01T13:49:34+00:00\",\"breadcrumb\":{\"@id\":\"https:\\\/\\\/xn--vrdfiske-9za.fi\\\/?page_id=100#breadcrumb\"},\"inLanguage\":\"fi\",\"potentialAction\":[{\"@type\":\"ReadAction\",\"target\":[\"https:\\\/\\\/xn--vrdfiske-9za.fi\\\/?page_id=100\"]}]},{\"@type\":\"ImageObject\",\"inLanguage\":\"fi\",\"@id\":\"https:\\\/\\\/xn--vrdfiske-9za.fi\\\/?page_id=100#primaryimage\",\"url\":\"http:\\\/\\\/xn--vrdfiske-9za.fi\\\/wp-content\\\/uploads\\\/2021\\\/03\\\/Nimmern_tilasto.png\",\"contentUrl\":\"http:\\\/\\\/xn--vrdfiske-9za.fi\\\/wp-content\\\/uploads\\\/2021\\\/03\\\/Nimmern_tilasto.png\"},{\"@type\":\"BreadcrumbList\",\"@id\":\"https:\\\/\\\/xn--vrdfiske-9za.fi\\\/?page_id=100#breadcrumb\",\"itemListElement\":[{\"@type\":\"ListItem\",\"position\":1,\"name\":\"Home\",\"item\":\"https:\\\/\\\/xn--vrdfiske-9za.fi\\\/\"},{\"@type\":\"ListItem\",\"position\":2,\"name\":\"Senaste projekten\"}]},{\"@type\":\"WebSite\",\"@id\":\"https:\\\/\\\/xn--vrdfiske-9za.fi\\\/#website\",\"url\":\"https:\\\/\\\/xn--vrdfiske-9za.fi\\\/\",\"name\":\"V\u00c5RDFISKE.fi\",\"description\":\"Professionella tj\u00e4nster inom v\u00e5rdfisket\",\"publisher\":{\"@id\":\"https:\\\/\\\/xn--vrdfiske-9za.fi\\\/#organization\"},\"potentialAction\":[{\"@type\":\"SearchAction\",\"target\":{\"@type\":\"EntryPoint\",\"urlTemplate\":\"https:\\\/\\\/xn--vrdfiske-9za.fi\\\/?s={search_term_string}\"},\"query-input\":{\"@type\":\"PropertyValueSpecification\",\"valueRequired\":true,\"valueName\":\"search_term_string\"}}],\"inLanguage\":\"fi\"},{\"@type\":\"Organization\",\"@id\":\"https:\\\/\\\/xn--vrdfiske-9za.fi\\\/#organization\",\"name\":\"V\u00c5RDFISKE.fi\",\"url\":\"https:\\\/\\\/xn--vrdfiske-9za.fi\\\/\",\"logo\":{\"@type\":\"ImageObject\",\"inLanguage\":\"fi\",\"@id\":\"https:\\\/\\\/xn--vrdfiske-9za.fi\\\/#\\\/schema\\\/logo\\\/image\\\/\",\"url\":\"https:\\\/\\\/xn--vrdfiske-9za.fi\\\/wp-content\\\/uploads\\\/2017\\\/09\\\/KolmeKalastajaa-1024x680.jpg\",\"contentUrl\":\"https:\\\/\\\/xn--vrdfiske-9za.fi\\\/wp-content\\\/uploads\\\/2017\\\/09\\\/KolmeKalastajaa-1024x680.jpg\",\"width\":1024,\"height\":680,\"caption\":\"V\u00c5RDFISKE.fi\"},\"image\":{\"@id\":\"https:\\\/\\\/xn--vrdfiske-9za.fi\\\/#\\\/schema\\\/logo\\\/image\\\/\"},\"sameAs\":[\"https:\\\/\\\/www.youtube.com\\\/channel\\\/UCjuN-SALAoze5zYd4I9M_Qw\"]}]}<\/script>\n<!-- \/ Yoast SEO plugin. -->","yoast_head_json":{"title":"Senaste projekten - V\u00c5RDFISKE.fi","robots":{"index":"index","follow":"follow","max-snippet":"max-snippet:-1","max-image-preview":"max-image-preview:large","max-video-preview":"max-video-preview:-1"},"canonical":"https:\/\/xn--vrdfiske-9za.fi\/?page_id=100","og_locale":"fi_FI","og_type":"article","og_title":"Senaste projekten - V\u00c5RDFISKE.fi","og_description":"Nimmern, en 400 hektar sj\u00f6n i Kinda kommun. Notfisket i oktober 2017, 2018, 2019 och 2020. Fisket producerade 83600 kg (212 kg\/ha) f\u00e5ngst av vitfisk; fr\u00e4mst m\u00f6rt, braxen och g\u00e4rs. Fiskekostnad var 4 SEK\/kg. Siktdjupet i sj\u00f6n \u00f6kade fr\u00e5n 0,45 m till 2,6 m. Best\u00e5ndet av stor abborre (300-1300 g) \u00f6kade snabbt och gjorde mest [&hellip;]","og_url":"https:\/\/xn--vrdfiske-9za.fi\/?page_id=100","og_site_name":"V\u00c5RDFISKE.fi","article_modified_time":"2021-04-01T13:49:34+00:00","og_image":[{"url":"http:\/\/xn--vrdfiske-9za.fi\/wp-content\/uploads\/2021\/03\/Nimmern_tilasto.png","type":"","width":"","height":""}],"twitter_card":"summary_large_image","twitter_misc":{"Arvioitu lukuaika":"5 minuuttia"},"schema":{"@context":"https:\/\/schema.org","@graph":[{"@type":"WebPage","@id":"https:\/\/xn--vrdfiske-9za.fi\/?page_id=100","url":"https:\/\/xn--vrdfiske-9za.fi\/?page_id=100","name":"Senaste projekten - V\u00c5RDFISKE.fi","isPartOf":{"@id":"https:\/\/xn--vrdfiske-9za.fi\/#website"},"primaryImageOfPage":{"@id":"https:\/\/xn--vrdfiske-9za.fi\/?page_id=100#primaryimage"},"image":{"@id":"https:\/\/xn--vrdfiske-9za.fi\/?page_id=100#primaryimage"},"thumbnailUrl":"http:\/\/xn--vrdfiske-9za.fi\/wp-content\/uploads\/2021\/03\/Nimmern_tilasto.png","datePublished":"2017-10-22T18:59:21+00:00","dateModified":"2021-04-01T13:49:34+00:00","breadcrumb":{"@id":"https:\/\/xn--vrdfiske-9za.fi\/?page_id=100#breadcrumb"},"inLanguage":"fi","potentialAction":[{"@type":"ReadAction","target":["https:\/\/xn--vrdfiske-9za.fi\/?page_id=100"]}]},{"@type":"ImageObject","inLanguage":"fi","@id":"https:\/\/xn--vrdfiske-9za.fi\/?page_id=100#primaryimage","url":"http:\/\/xn--vrdfiske-9za.fi\/wp-content\/uploads\/2021\/03\/Nimmern_tilasto.png","contentUrl":"http:\/\/xn--vrdfiske-9za.fi\/wp-content\/uploads\/2021\/03\/Nimmern_tilasto.png"},{"@type":"BreadcrumbList","@id":"https:\/\/xn--vrdfiske-9za.fi\/?page_id=100#breadcrumb","itemListElement":[{"@type":"ListItem","position":1,"name":"Home","item":"https:\/\/xn--vrdfiske-9za.fi\/"},{"@type":"ListItem","position":2,"name":"Senaste projekten"}]},{"@type":"WebSite","@id":"https:\/\/xn--vrdfiske-9za.fi\/#website","url":"https:\/\/xn--vrdfiske-9za.fi\/","name":"V\u00c5RDFISKE.fi","description":"Professionella tj\u00e4nster inom v\u00e5rdfisket","publisher":{"@id":"https:\/\/xn--vrdfiske-9za.fi\/#organization"},"potentialAction":[{"@type":"SearchAction","target":{"@type":"EntryPoint","urlTemplate":"https:\/\/xn--vrdfiske-9za.fi\/?s={search_term_string}"},"query-input":{"@type":"PropertyValueSpecification","valueRequired":true,"valueName":"search_term_string"}}],"inLanguage":"fi"},{"@type":"Organization","@id":"https:\/\/xn--vrdfiske-9za.fi\/#organization","name":"V\u00c5RDFISKE.fi","url":"https:\/\/xn--vrdfiske-9za.fi\/","logo":{"@type":"ImageObject","inLanguage":"fi","@id":"https:\/\/xn--vrdfiske-9za.fi\/#\/schema\/logo\/image\/","url":"https:\/\/xn--vrdfiske-9za.fi\/wp-content\/uploads\/2017\/09\/KolmeKalastajaa-1024x680.jpg","contentUrl":"https:\/\/xn--vrdfiske-9za.fi\/wp-content\/uploads\/2017\/09\/KolmeKalastajaa-1024x680.jpg","width":1024,"height":680,"caption":"V\u00c5RDFISKE.fi"},"image":{"@id":"https:\/\/xn--vrdfiske-9za.fi\/#\/schema\/logo\/image\/"},"sameAs":["https:\/\/www.youtube.com\/channel\/UCjuN-SALAoze5zYd4I9M_Qw"]}]}},"_links":{"self":[{"href":"https:\/\/xn--vrdfiske-9za.fi\/index.php?rest_route=\/wp\/v2\/pages\/100","targetHints":{"allow":["GET"]}}],"collection":[{"href":"https:\/\/xn--vrdfiske-9za.fi\/index.php?rest_route=\/wp\/v2\/pages"}],"about":[{"href":"https:\/\/xn--vrdfiske-9za.fi\/index.php?rest_route=\/wp\/v2\/types\/page"}],"author":[{"embeddable":true,"href":"https:\/\/xn--vrdfiske-9za.fi\/index.php?rest_route=\/wp\/v2\/users\/1"}],"replies":[{"embeddable":true,"href":"https:\/\/xn--vrdfiske-9za.fi\/index.php?rest_route=%2Fwp%2Fv2%2Fcomments&post=100"}],"version-history":[{"count":55,"href":"https:\/\/xn--vrdfiske-9za.fi\/index.php?rest_route=\/wp\/v2\/pages\/100\/revisions"}],"predecessor-version":[{"id":264,"href":"https:\/\/xn--vrdfiske-9za.fi\/index.php?rest_route=\/wp\/v2\/pages\/100\/revisions\/264"}],"wp:attachment":[{"href":"https:\/\/xn--vrdfiske-9za.fi\/index.php?rest_route=%2Fwp%2Fv2%2Fmedia&parent=100"}],"curies":[{"name":"wp","href":"https:\/\/api.w.org\/{rel}","templated":true}]}}